ens digit of h?
3
Suppose -8*i + 72 = -2*i. Suppose -496 - 176 = -i*v. What is the units digit of v?
6
Suppose -30 = -6*o + 3*o. Suppose l - 2 = -2*q + 3*q, 3*q = 5*l - 10. Let m = o + q. What is the units digit of m?
0
Suppose -5*s - p + 1552 = 0, 242 = 2*s - 3*p - 389. What is the hundreds digit of s?
3
Suppose 17*f + 8 = 13*f. What is the tens digit of 74 - ((-4)/6)/(f/(-3))?
7
Let r = 98 + -93. Suppose 5*d - 4*g - 12 = 4*d, -129 = -r*d - 3*g. What is the units digit of d?
4
Suppose -10*o = 10*o - 36080. What is the thousands digit of o?
1
Let i = 29 + -13. Suppose 8*h - 12*h = -i. Suppose h*g = 91 + 113. What is the tens digit of g?
5
What is the tens digit of 2/(4 + 12920/(-3232))?
0
Suppose 8*n - 3*j - 4043 = 6*n, n - 2*j - 2022 = 0. What is the hundreds digit of n?
0
Let w = 165 - -116. What is the hundreds digit of w?
2
Let i(y) be the third derivative of 11*y**6/24 + y**5/60 + 10*y**2. What is the units digit of i(1)?
6
Suppose 9*o - 2*o - 609 = 0. What is the units digit of o?
7
Let h(f) = -9*f - 18. Let d be h(-12). Let n(a) = -a + 31. Let x be n(0). Let s = d - x. What is the units digit of s?
9
Let z = 288 + -104. What is the units digit of z?
4
Let t = 1001 + 1016. What is the hundreds digit of t?
0
Suppose 2*q + 3*q - 3490 = p, -4*q - 4*p = -2768. What is the tens digit of q?
9
Suppose 0 = 142*k - 107*k - 153685. What is the units digit of k?
1
Let j(z) = -5*z + 2. Let f be j(-1). Let c = f + -3. Suppose -5*b = 5*h - 12 - 13, 25 = 5*h + c*b. What is the units digit of h?
5
Suppose -81*c + 78*c = -9. Suppose 5*v = z - 44, -c*z + 5*z - 121 = -v. What is the units digit of z?
9
Let n be (35/(-21))/(3/9). Let x(c) = 13*c**2 + 10*c - 11. What is the tens digit of x(n)?
6
Let f(k) = 12*k**2 - 13. What is the tens digit of f(8)?
5
Let d = 9 + -4. Suppose -4*m - 5 = -2*b - 3*b, -d*b + 5 = 0. Suppose m = -2*v + 47 + 7. What is the units digit of v?
7
Let g(v) = -162*v + 5. Let s be g(-2). Suppose -3*z - 267 = -3*f, -z - s = -3*f - 68. What is the units digit of f?
6
Let l = -2432 - -3954. What is the units digit of l?
2
Let h = 24 + -18. Suppose 3*y + 108 = h*y. Suppose -y + 181 = 5*f. What is the tens digit of f?
2
Suppose 4*j - q = 7, 5*j + q + q - 12 = 0. Let x be j/(-3) + (-561)/9. Let b = x - -140. What is the tens digit of b?
7
Suppose 4*l + 2 = -d, 0 = 4*d + 2*l + 5 + 3. Let h be (d/4)/(5/10). What is the units digit of 63/6*(-2)/h?
1
Suppose -5*u + p - 286 = -p, -2*u + 3*p - 121 = 0. Let x be ((-16)/u)/((-1)/(-7)). Suppose -4*r = -3*j + 117, x*j + 5*r = 24 + 77. What is the tens digit of j?
4
Let u = 48 - -51. Let i = u + -13. What is the units digit of i?
6
Let o(q) = -284*q + 14. What is the thousands digit of o(-5)?
1
Let s(t) = -t**3 + 12*t**2 - 8*t + 16. Let a = -22 - -19. Let o = 14 + a. What is the tens digit of s(o)?
4
Suppose -1883*l - 1139 = -1884*l. What is the units digit of l?
9
Suppose -z - f + 1425 = 0, 5*z + 3*f - 7131 = -0*f. What is the thousands digit of z?
1
Suppose m + 78 = -2*o + 6, -146 = 2*m + 3*o. Let t = 182 + m. What is the units digit of t?
6
Let k be ((-2)/1 + -16)*1. Let a be k + (-3 - (-2 - -2)). What is the units digit of (-28)/2*6/a?
4
Let n(d) = 25*d + 8. Let c(r) = 1. Let m(o) = 5*c(o) + n(o). Let p be m(6). Suppose 0 = -2*h + 3*g + 101, 2*g - p - 80 = -5*h. What is the units digit of h?
9
Let c = -1234 + 2149. What is the units digit of c?
5
Let w = -308 + 1278. What is the hundreds digit of w?
9
Let z = 21 + -24. Let t be (7/(-3) + 2)*z. Suppose 0 = -m + 31 + t. What is the tens digit of m?
3
Suppose -4*s = -4*y + y - 64, -3*s = 3*y - 48. What is the tens digit of (s + -1)/(-3)*6/(-2)?
1
Let v be (-84)/(-14) - (0 - -2). Suppose -v*j - 452 = -4*n, j - 2*j + 105 = n. What is the tens digit of n?
0
Suppose r - 6 = -2*r. Let d(b) = 20*b + 13*b - 22*b - 9*b - 1. What is the units digit of d(r)?
3
What is the units digit of (-10)/75*-1 + 87686/30?
3
Let o(q) = 69*q + 807. What is the thousands digit of o(17)?
1
Let x(l) = -l**3 - 2*l**2 + l - 2. Suppose -2*p + 12 = 2. Suppose p*c + 12 = 2*c - 3*u, -2*u = 0. What is the units digit of x(c)?
6
Suppose 2 = s - c, 0*s - 6 = -4*s + 5*c. Suppose -2*k - 18 = -3*w + k, 3*k + s = w. Let t(b) = 3*b**2 - 16*b - 8. What is the units digit of t(w)?
7
Let n(g) = -3*g**3 - 6*g**2 - 2*g + 2. Let m be n(-4). Let j = 176 - m. What is the units digit of 1/(-3) + j/3?
3
Let p(f) = -f - 65. Suppose 0*y - 2*y = 0. Let l be p(y). Let v = l - -99. What is the tens digit of v?
3
Suppose 759 = 2*q - 3*i, -102*i + 103*i - 3 = 0. What is the units digit of q?
4
Let s be 0 + 0 - 1 - -5. Suppose 0*z - 2*z + 6 = s*x, 2*z = 2. What is the units digit of x?
1
Let t(p) be the second derivative of p**4/12 + 5*p**3/3 + 10*p**2 - 10*p. What is the tens digit of t(-15)?
9
What is the tens digit of -1 - 10/(-8) - 88754/(-1592)?
5
Let w(u) = 138*u**3 + 3*u**2 - 24*u + 10. What is the units digit of w(3)?
1
Let q(k) = k**3 - 15*k**2 - 20*k + 3. What is the units digit of q(17)?
1
Let i(q) = 5*q + 4 - 4*q + 3*q**2 - 5*q + 3*q. What is the units digit of i(4)?
8
Suppose 0 = 11*u - 2*u + 72. Let w(y) be the third derivative of -y**6/120 - y**5/12 + 5*y**4/6 + 2*y**3 - 2*y**2. What is the tens digit of w(u)?
4
Let b(m) = -170*m + 73. What is the hundreds digit of b(-4)?
7
Let f = -14 + 41. Suppose -f = -5*s - 7. Let c = -3 + s. What is the units digit of c?
1
Suppose z - 3 = m, 2*z = 5*m - 0*m - 3. Suppose -y + l - z + 5 = 0, -3*y + 1 = -l. What is the tens digit of ((-13)/26)/(y/(-60))?
3
Let q = 466 + -427. What is the units digit of q?
9
Let k be 23/3 - (-2)/(-3). Suppose -k*z = -2*z - 15. What is the units digit of z?
3
Let j = 188 - -444. Suppose 4*i + g - 295 = 536, 3*i - j = g. What is the tens digit of i?
0
What is the hundreds digit of (941/(-7))/((-1)/7)?
9
Let d = -355 - -1114. What is the tens digit of d?
5
Let r = 1993 - -3025. What is the hundreds digit of r?
0
Suppose -2*q = -11*q + 4284. Suppose -f - 6*f = -q. What is the units digit of f?
8
Let u = 3331 - 1806. What is the tens digit of u?
2
Suppose 5*z = -4*i + 3875, -3830 = -5*z - i + 6*i. What is the units digit of z?
1
What is the units digit of (-3)/(-7) - 20808/(-252)?
3
Let m be (4/(-4))/(3/(-561)). Suppose -z - 32 + m = 0. What is the units digit of z?
5
Suppose -5*d + 4*v - 11 = 0, -3*d = -3*v + 5 + 1. What is the hundreds digit of -4 - (d*260)/3?
2
Suppose -p = -0*p - 32. Let i = p - -31. What is the tens digit of i?
6
What is the hundreds digit of (-34)/(-170) + (-2 - (-3994)/5)?
7
Let o = -21 + 3. Let w = -16 - o. Suppose -54 = -2*l + w. What is the units digit of l?
8
What is the tens digit of 145850/55 - (-3 + (-124)/(-44))?
5
Suppose 7539 = -14*j + 26999. What is the tens digit of j?
9
Let w(o) = 12*o**3 - 12*o**2 + 79*o - 8. What is the tens digit of w(5)?
8
Suppose 0*p - 463 = -5*b - p, -3*b = p - 279. Let v = -35 + b. What is the units digit of v?
7
Suppose -2188 = -2*x - x - 5*i, -3*x + 2216 = -2*i. What is the units digit of x?
6
Suppose -u - m + 628 = -0*m, 3130 = 5*u + 3*m. What is the hundreds digit of u?
6
Let g be 3*1 - 1/(-1). Suppose 10 = -g*a + 6*a. Suppose -2 = -f - 5*w, -45 = -5*f - a*w + 5. What is the tens digit of f?
1
Let t(v) = v**2 - 8*v + 11. Let o be t(7). Suppose 5*i + 0*i + 3*h = 115, 0 = i + o*h - 23. What is the units digit of i?
3
Suppose 19*d - 2 = 21*d. What is the tens digit of (1/d*-4)/((-17)/(-255))?
6
Suppose -2*x - 21 = -5*x. Suppose 0 = x*b - 8*b + 6. What is the units digit of 64/b + 12/36?
1
Suppose -760 = -2*u - 2*s, -4*u - 169 + 1673 = -4*s. What is the tens digit of u?
7
Let s = -67 - -35. Let f = s + 63. What is the tens digit of f?
3
Let h(l) = -2*l**3 + 3*l**3 - 13*l + 0*l + 5 + 9*l**2 + 7. Suppose -s + 2 - 12 = 0. What is the units digit of h(s)?
2
What is the hundreds digit of (-1 - -1042) + (5 - 8)?
0
Suppose -v + 3974 = g, 11193 = 5*v + 4*g - 8679. What is the hundreds digit of v?
9
Let q = 67 - 67. Suppose 55*r - 50*r - 610 = q. What is the tens digit of r?
2
Let v(h) = -24*h**3 - 4*h**2 - 2*h - 4. Let b(l) = 24*l**3 + 3*l**2 + l + 3. Let d(i) = 3*b(i) + 2*v(i). What is the units digit of d(1)?
5
Let k be (-20)/50 + 24/10. Suppose -4 = 2*a - k. Let m = a + 8. What is the units digit of m?
7
Let p = -30 + 31. Suppose -i - 3*l + 29 = p, 2*i - 64 = 2*l. What is 